 n and 14.
14
Let p be (1/3)/((-1)/(-33)). Let x = 22 - p. Calculate the greatest common factor of 1 and x.
1
Suppose 83 - 27 = 4*n. Suppose 2*o = 2*i - 256, -3*i - 260 = -5*i + 4*o. What is the highest common factor of n and i?
14
Suppose -5*k + 436 - 36 = 0. What is the greatest common factor of 10 and k?
10
Let n = 90 + -9. What is the highest common factor of n and 9?
9
Suppose -5*n - 5*q + 75 = 0, 2*n = 5*q - 3*q + 42. Calculate the greatest common factor of n and 45.
9
Let d(g) = -g**3 + 4*g**2 + 3*g + 4. Let s be d(4). Calculate the greatest common factor of s and 24.
8
Let s(r) = 164*r**2 - 3*r + 1 + 5*r + 0. Let n be s(-1). Suppose -2 = -t + n. What is the greatest common factor of 15 and t?
15
Let b be ((-21)/49)/((-2)/14). Let i be 83/b + (-8)/12. What is the greatest common divisor of i and 3?
3
Let d(q) = 19*q**3 - 2*q + 1. Let t be d(1). Let j = t - 6. Suppose -2*a + 4 + j = 0. What is the highest common factor of 88 and a?
8
Suppose 0 = -4*z + 5*i + 63, 0 = 3*i - 0*i - 15. Suppose -5*y + 3 = -z. Let k be (3/2)/(y/50). What is the highest common factor of 3 and k?
3
Let m(b) = 5*b + 12. Let v be m(5). Calculate the greatest common factor of 259 and v.
37
Let o be (-1 - -4)*(-8)/6. Let p be (-3 - o - 3)*-6. What is the highest common factor of p and 120?
12
Let a be (2 + -11)*4/(-3). Suppose s = 5*s + 4*h + a, h - 3 = 0. Let i be s/(-4)*44/6. Calculate the highest common factor of i and 121.
11
Suppose 2*z + 247 = 23. Let o be (z/(-2))/((-3)/(-6)). Calculate the greatest common divisor of 14 and o.
14
Suppose 5*n - 20 + 80 = 0. Let w be 795/9 + 4/n. Calculate the highest common divisor of 11 and w.
11
Suppose -n + 4*n = 3*f + 15, n - 5*f - 13 = 0. Let l(j) = 8*j**3 + 2*j**2 + 13*j - 14. Let p be l(1). Calculate the highest common factor of n and p.
3
Let y = 19 + 6. Let t = -6 + -1. Let v = t + y. What is the greatest common factor of 2 and v?
2
Suppose 2*k = h - k - 182, 0 = -2*k. Calculate the highest common factor of 14 and h.
14
Suppose -2*o - 2*h = -0*h - 34, o + 2*h - 12 = 0. Let i be (-2)/4 - o/(-4). Calculate the highest common factor of 25 and i.
5
Suppose -5*q = 2 - 37. Calculate the highest common divisor of q and 77.
7
Suppose 0 = 2*w - 3*w + 15. Suppose -r + w = -3*p, r - 2*p - 19 = -3*p. Calculate the highest common divisor of r and 27.
9
Let r(f) = -2*f. Let s be r(0). Suppose -l + 18 + 0 = s. Calculate the greatest common divisor of l and 2.
2
Suppose -11 = -3*p - 5*c, 0 = 4*p + 4*c - 19 - 1. Let l = 3 - -53. What is the highest common factor of p and l?
7
Suppose 3*j = 5*n + 16, 3*j = -3*n + 4*n - 4. Let p be (-1 + 0)/(j - -4). Let u be p + 1 + -2 + 10. What is the greatest common divisor of u and 40?
8
Suppose -5*d + 0*d = -5. What is the highest common divisor of 7 and d?
1
Let z(l) = -l**3 + 13*l**2 - 11*l + 4. Let s be z(12). Calculate the greatest common factor of s and 8.
8
Suppose -2*d + d + 4*i = -2, 0 = 5*i - 5. Let j = -18 + 18. Let m = 4 + j. What is the greatest common divisor of d and m?
2
Let w(b) = -1 - 1 - 4*b + 0. Let x be 2 + (3 + 3)/(-1). Let v be w(x). What is the greatest common divisor of 56 and v?
14
Let p be (24/(-6))/(2/(-2)). Let u be (-3)/(-6) + 54/p. Calculate the greatest common divisor of u and 14.
14
Let m(d) = d**3 + 2*d**2 - 4*d + 2. Let o be m(2). Let t = 32 - o. What is the greatest common divisor of 11 and t?
11
Let h be 1/((-2)/(-12) - (-16 + 16)). Suppose -3*i - 2*t + 106 = 2*t, 0 = -2*i - 5*t + 80. What is the greatest common divisor of h and i?
6
Let x = 32 - 17. Calculate the highest common factor of x and 6.
3
Suppose 0 = -4*a + 5*c + 336, 0 = 2*c + 2*c. Suppose 6*b = 2*b - a. Let k = -13 - b. Calculate the highest common divisor of 12 and k.
4
Suppose -7*o = -11*o + 120. What is the greatest common divisor of 6 and o?
6
Let b = -297 + 547. What is the highest common divisor of 25 and b?
25
Let v be 32*(6/4 - 2). Let u be (v/6)/(1/(-12)). Calculate the highest common divisor of u and 80.
16
Let s(f) = f**3 - 8*f**2 - 7*f - 7. Let z be s(9). What is the greatest common divisor of 33 and z?
11
Let a be 1 + 1 - (-122)/(-2). Let r = a - -107. Calculate the highest common divisor of r and 12.
12
Suppose 0 = -5*g + 5*x + 20, 6*x - 51 = -4*g + 3*x. Calculate the highest common factor of 72 and g.
9
Suppose 104 = q + 3*q + 2*x, -3*x = -3*q + 60. What is the highest common divisor of 3 and q?
3
Suppose 6 = 5*u + 3*h, -h + 6 - 4 = -2*u. Suppose u = c - 5 - 0. Suppose -2 = c*n - 17. What is the greatest common factor of n and 3?
3
Let i = 300 + -12. What is the highest common divisor of i and 36?
36
Suppose 13*v - 8*v - 15 = 0. Suppose -2*u - v = 3, b + u - 3 = 0. Calculate the highest common factor of 24 and b.
6
Let y be (-2 - 0) + (-17 - -36). What is the greatest common divisor of 17 and y?
17
Let u be 2/(8/(-22))*-2. Let q = u + -1. Calculate the greatest common divisor of q and 10.
10
Let x = 16 - -13. Suppose 4*r - 127 = x. What is the greatest common divisor of r and 26?
13
Let x = 22 - -18. Let i = -5 + -2. Let r = 12 + i. What is the greatest common divisor of r and x?
5
Let a(h) = 8*h. Let f be a(7). Suppose 0 = 3*l + w - 26, -3*w + 28 + 2 = 3*l. Calculate the highest common factor of f and l.
8
Let i be (8/(-4))/((-2)/44 - 0). Calculate the greatest common divisor of i and 11.
11
Let g be -39*(2/6 - 1). What is the greatest common divisor of g and 39?
13
Let m(p) = p + 13. Let q be (-8)/(-36) - 4/18. Let y be m(q). Let l = 317 - 200. Calculate the greatest common divisor of l and y.
13
Let y = -113 - -78. Let n be (-2 - -4)*y/(-10). Calculate the greatest common divisor of 28 and n.
7
Let a(k) = 4*k**3 - 3*k**2. Let p = 1 - -2. Let f be a(p). What is the highest common factor of f and 9?
9
Let b = -86 - -92. What is the greatest common factor of b and 114?
6
Suppose -4*d - 9 + 25 = 0. Calculate the greatest common divisor of 12 and d.
4
Let f be 6/8*(1 - 5). Let y be (135 - 1) + (-1 - f). Suppose 0*l + 4*l - y = 0. Calculate the greatest common divisor of l and 17.
17
Let k be -7 + -2 + 7 - -97. What is the highest common divisor of k and 38?
19
Let t(o) = o**2 + 9*o + 18. Let g be t(-9). What is the greatest common divisor of g and 126?
18
Let h(x) = -2*x - 17. Let a be h(-9). Let z = -29 - -40. What is the greatest common divisor of z and a?
1
Let h(m) = -m**2 - 11*m + 16. Let n be h(-10). Calculate the highest common divisor of 26 and n.
26
Let o = 0 + 0. Suppose -5*a = -4*u - 6, o = -a + 4*u - 2. Suppose 18 = 5*y - 2*y. Calculate the highest common factor of a and y.
2
Suppose -4 - 8 = 2*b. Let f = b + -2. Let a be ((-9)/4)/(1/f). What is the greatest common factor of 198 and a?
18
Suppose 0 = -2*w - 2 + 20. Let f = -132 + 195. What is the greatest common factor of w and f?
9
Let h = 9 + -5. Suppose 5 = -g + 3*n + 20, -4*g = h*n - 28. Calculate the greatest common divisor of g and 99.
9
Suppose -2 + 27 = 5*y - 5*m, 0 = 5*y + 2*m - 53. Suppose -4*w + 5*w = 45. Calculate the greatest common divisor of y and w.
9
Let s(z) = -z**3 + 10*z**2 + z - 5. Let c be s(10). Let o = 6 - c. Let a be o - (0 - (-2 - -25)). Calculate the highest common factor of a and 36.
12
Let g(c) = 2*c - 1 - 2 - 2. Let x be g(7). Suppose -x*o + 32 = -5*o. Calculate the greatest common factor of o and 16.
8
Let l = -55 + 127. Suppose -4*t + 21 = 2*o - 17, 4*t - 35 = o. What is the highest common factor of t and l?
9
Let z be (2/(4/(-26)))/(-1). What is the greatest common factor of z and 104?
13
Let p(z) = -z**3 + 14*z**2 - 4*z + 4. Let x be p(13). Calculate the highest common factor of 11 and x.
11
Let k be (-2)/5 + 144/10. Let u be (-1 + (-3)/(-2))*k. What is the highest common factor of u and 28?
7
Suppose 0 = -3*b + 2*b + 95. Calculate the greatest common factor of b and 19.
19
Suppose 9 = 2*l - 1, 80 = 5*p + 2*l. Calculate the highest common factor of p and 35.
7
Suppose -o - 34 = -5*a - 3*o, -26 = -4*a - o. Suppose -2*b - 10 - 2 = -4*x, -2*x + 18 = 5*b. Let f = 0 + b. Calculate the greatest common factor of f and a.
2
Suppose -8 = -4*x, r - 10 = x - 4*x. Suppose r*l - 8 = 0, 3*n - 61 = 2*l + 271. Suppose 0*c = -6*c + 84. Calculate the greatest common factor of n and c.
14
Let r(c) = c**2 - 4*c + 6. Let x be 4/(-6) + 28/6. Let u be r(x). Let i(n) = 2*n**2 + 2*n - 1. Let m be i(1). Calculat